What is the units digit of 13597607?
7
What is the hundred thousands digit of 10050874?
0
What is the units digit of 272424?
4
What is the tens digit of 202863?
6
What is the units digit of 15698609?
9
What is the millions digit of 2195700?
2
What is the ten thousands digit of 189764?
8
What is the units digit of 117826?
6
What is the hundreds digit of 383798?
7
What is the units digit of 12031635?
5
What is the thousands digit of 31979013?
9
What is the hundred thousands digit of 3197699?
1
What is the tens digit of 1360881?
8
What is the hundred thousands digit of 257125?
2
What is the ten thousands digit of 4286448?
8
What is the hundred thousands digit of 1911220?
9
What is the ten thousands digit of 6187472?
8
What is the tens digit of 3240742?
4
What is the hundreds digit of 25747125?
1
What is the hundreds digit of 467642?
6
What is the hundred thousands digit of 3635574?
6
What is the millions digit of 4035628?
4
What is the hundreds digit of 317089?
0
What is the ten thousands digit of 2149779?
4
What is the hundred thousands digit of 1929854?
9
What is the ten millions digit of 10938871?
1
What is the hundred thousands digit of 1559168?
5
What is the tens digit of 1428029?
2
What is the thousands digit of 13416596?
6
What is the units digit of 25067260?
0
What is the ten thousands digit of 636745?
3
What is the millions digit of 4902541?
4
What is the millions digit of 1412230?
1
What is the hundred thousands digit of 2302488?
3
What is the thousands digit of 29891039?
1
What is the ten thousands digit of 23829299?
2
What is the tens digit of 15009560?
6
What is the hundred thousands digit of 342813?
3
What is the thousands digit of 347133?
7
What is the tens digit of 4815745?
4
What is the units digit of 6256609?
9
What is the thousands digit of 474500?
4
What is the hundred thousands digit of 741054?
7
What is the millions digit of 20622424?
0
What is the thousands digit of 25781548?
1
What is the thousands digit of 7009564?
9
What is the thousands digit of 2517027?
7
What is the hundreds digit of 906?
9
What is the ten thousands digit of 63220?
6
What is the tens digit of 1147333?
3
What is the ten thousands digit of 96762?
9
What is the units digit of 3319542?
2
What is the ten thousands digit of 20284?
2
What is the hundred thousands digit of 212509?
2
What is the thousands digit of 3608406?
8
What is the thousands digit of 297105?
7
What is the units digit of 70505?
5
What is the hundred thousands digit of 439348?
4
What is the thousands digit of 227446?
7
What is the tens digit of 96369?
6
What is the ten thousands digit of 2452458?
5
What is the millions digit of 1903701?
1
What is the ten millions digit of 11532086?
1
What is the hundreds digit of 11223892?
8
What is the hundreds digit of 431280?
2
What is the ten thousands digit of 43002?
4
What is the tens digit of 3215999?
9
What is the tens digit of 8350801?
0
What is the ten thousands digit of 69572?
6
What is the thousands digit of 8334822?
4
What is the thousands digit of 328518?
8
What is the thousands digit of 39462?
9
What is the units digit of 1202694?
4
What is the units digit of 12217?
7
What is the thousands digit of 2216624?
6
What is the units digit of 230070?
0
What is the thousands digit of 310661?
0
What is the thousands digit of 122134?
2
What is the tens digit of 45305?
0
What is the units digit of 1530542?
2
What is the thousands digit of 148505?
8
What is the thousands digit of 121825?
1
What is the hundreds digit of 28780448?
4
What is the thousands digit of 28229101?
9
What is the units digit of 16600155?
5
What is the units digit of 116240?
0
What is the ten thousands digit of 28027341?
2
What is the thousands digit of 91758?
1
What is the hundred thousands digit of 441311?
4
What is the ten thousands digit of 53075?
5
What is the tens digit of 1043272?
7
What is the millions digit of 1528351?
1
What is the ten thousands digit of 677822?
7
What is the thousands digit of 2090427?
0
What is the tens digit of 457921?
2
What is the millions digit of 5173217?
5
What is the thousands digit of 1788209?
8
What is the thousands digit of 226452?
6
What is the ten thousands digit of 3559556?
5
What is the millions digit of 1350568?
1
What is the tens digit of 1826639?
3
What is the hundred thousands digit of 6713968?
7
What is the millions digit of 6527804?
6
What is the thousands digit of 536636?
6
What is the millions digit of 4452724?
4
What is the tens digit of 39368084?
8
What is the ten thousands digit of 4173971?
7
What is the hundred thousands digit of 1582394?
5
What is the thousands digit of 8017263?
7
What is the hundreds digit of 907334?
3
What is the tens digit of 957353?
5
What is the millions digit of 5141893?
5
What is the hundreds digit of 13430925?
9
What is the ten thousands digit of 6508338?
0
What is the hundreds digit of 1242839?
8
What is the thousands digit of 6703862?
3
What is the hundreds digit of 249524?
5
What is the tens digit of 198442?
4
What is the thousands digit of 627892?
7
What is the hundred thousands digit of 346446?
3
What is the hundred thousands digit of 609088?
6
What is the ten thousands digit of 188337?
8
What is the units digit of 1198161?
1
What is the hundred thousands digit of 1602198?
6
What is the units digit of 4599915?
5
What is the tens digit of 389834?
3
What is the hundred thousands digit of 12270484?
2
What is the hundreds digit of 162333?
3
What is the units digit of 8524127?
7
What is the hundreds digit of 353341?
3
What is the thousands digit of 1315190?
5
What is the hundred thousands digit of 686728?
6
What is the units digit of 38575?
5
What is the tens digit of 2277?
7
What is the ten thousands digit of 3466283?
6
What is the tens digit of 381731?
3
What is the ten thousands digit of 391896?
9
What is the ten thousands digit of 8806040?
0
What is the units digit of 5535683?
3
What is the ten millions digit of 11339758?
1
What is the hundred thousands digit of 3824726?
8
What is the tens digit of 466033?
3
What is the units digit of 13279751?
1
What is the tens digit of 1090083?
8
What is the ten millions digit of 11286378?
1
What is the thousands digit of 13058036?
8
What is the ten thousands digit of 17742321?
4
What is the ten thousands digit of 604679?
0
What is the millions digit of 5229017?
5
What is the thousands digit of 425108?
5
What is the tens digit of 154943?
4
What is the hundreds digit of 1780448?
4
What is the hundreds digit of 337445?
4
What is the hundreds digit of 437627?
6
What is the units digit of 11174063?
3
What is the ten thousands digit of 47235?
4
What is the hundred thousands digit of 3181524?
1
What is the tens digit of 2709515?
1
What is the ten thousands digit of 315849?
1
What is the units digit of 97511?
1
What is the ten thousands digit of 9876372?
7
What is the thousands digit of 2315364?
5
What is the hundreds digit of 6621467?
4
What is the ten thousands digit of 6490035?
9
What is the ten millions digit of 13834164?
1
What is the units digit of 9193738?
8
What is the hundreds digit of 400262?
2
What is the thousands digit of 510620?
0
What is the hundred thousands digit of 4112797?
1
What is the ten thousands digit of 281131?
8
What is the tens digit of 8058015?
1
What is the hundreds digit of 222334?
3
What is the thousands digit of 560873?
0
What is the millions digit of 7465216?
7
What is the units digit of 3508425?
5
What is the units digit of 283056?
6
What is the tens digit of 721032?
3
What is the units digit of 3491132?
2
What is the hundreds digit of 124906?
9
What is the hundred thousands digit of 703826?
7
What is the tens digit of 15529818?
1
What is the millions digit of 7267492?
7
What is the tens digit of 99488?
8
What is the ten thousands digit of 194400?
9
What is the ten thousands digit of 638473?
3
What is the hundreds digit of 310808?
8
What is the hundreds digit of 6604?
6
What is the hundred thousands digit of 5320476?
3
What is the thousands digit of 3530805?
0
What is the millions digit of 1501076?
1
What is the hundreds digit of 34605358?
3
What is the ten thousands digit of 130395?
3
What is the units digit of 182718?
8
What is the hundreds digit of 196367?
3
What is the ten thousands digit of 994595?
9
What is the units digit of 